remainder when 16800 is divided by 218?
14
What is the remainder when 437 is divided by 250?
187
What is the remainder when 81663 is divided by 638?
637
What is the remainder when 37457 is divided by 976?
369
Calculate the remainder when 11972 is divided by 77.
37
Calculate the remainder when 1025 is divided by 25.
0
Calculate the remainder when 21091 is divided by 50.
41
Calculate the remainder when 41789 is divided by 188.
53
Calculate the remainder when 458 is divided by 155.
148
What is the remainder when 36245 is divided by 194?
161
What is the remainder when 86889 is divided by 550?
539
What is the remainder when 7256 is divided by 27?
20
Calculate the remainder when 4449 is divided by 526.
241
Calculate the remainder when 14013 is divided by 1932.
489
Calculate the remainder when 2229 is divided by 372.
369
What is the remainder when 386140 is divided by 138?
16
Calculate the remainder when 93117 is divided by 101.
96
Calculate the remainder when 180 is divided by 107.
73
What is the remainder when 259839 is divided by 4?
3
What is the remainder when 2800 is divided by 51?
46
What is the remainder when 62378 is divided by 53?
50
What is the remainder when 17017 is divided by 17001?
16
Calculate the remainder when 35575 is divided by 539.
1
Calculate the remainder when 13741 is divided by 4565.
46
What is the remainder when 26842 is divided by 407?
387
What is the remainder when 5589 is divided by 701?
682
What is the remainder when 20329 is divided by 2875?
204
Calculate the remainder when 330 is divided by 73.
38
What is the remainder when 23364 is divided by 7780?
24
What is the remainder when 1845 is divided by 611?
12
What is the remainder when 1195562 is divided by 738?
2
Calculate the remainder when 5946 is divided by 350.
346
What is the remainder when 6769 is divided by 566?
543
What is the remainder when 477493 is divided by 17?
14
Calculate the remainder when 162892 is divided by 23268.
16
What is the remainder when 40410 is divided by 20170?
70
Calculate the remainder when 63686 is divided by 45.
11
Calculate the remainder when 3873 is divided by 295.
38
Calculate the remainder when 635 is divided by 120.
35
Calculate the remainder when 54480 is divided by 12.
0
Calculate the remainder when 1854 is divided by 323.
239
What is the remainder when 371162 is divided by 51?
35
Calculate the remainder when 55583 is divided by 34.
27
Calculate the remainder when 2359 is divided by 242.
181
Calculate the remainder when 2415 is divided by 13.
10
What is the remainder when 194183 is divided by 405?
188
What is the remainder when 12312 is divided by 246?
12
What is the remainder when 1451 is divided by 170?
91
What is the remainder when 1418 is divided by 172?
42
Calculate the remainder when 33070 is divided by 648.
22
What is the remainder when 16301 is divided by 38?
37
What is the remainder when 8060 is divided by 139?
137
Calculate the remainder when 1211 is divided by 38.
33
Calculate the remainder when 300046 is divided by 23080.
6
Calculate the remainder when 53524 is divided by 24.
4
Calculate the remainder when 228 is divided by 16.
4
What is the remainder when 631 is divided by 53?
48
Calculate the remainder when 171 is divided by 162.
9
What is the remainder when 265376 is divided by 14?
6
Calculate the remainder when 68750 is divided by 1011.
2
What is the remainder when 2065 is divided by 581?
322
What is the remainder when 13163 is divided by 2263?
1848
What is the remainder when 1434 is divided by 310?
194
What is the remainder when 2667 is divided by 245?
217
Calculate the remainder when 8860 is divided by 2778.
526
What is the remainder when 339898 is divided by 16?
10
Calculate the remainder when 16245 is divided by 110.
75
What is the remainder when 312918 is divided by 508?
498
Calculate the remainder when 2343 is divided by 348.
255
Calculate the remainder when 23843 is divided by 1986.
11
What is the remainder when 128632 is divided by 313?
302
What is the remainder when 534814 is divided by 24?
22
Calculate the remainder when 32145 is divided by 5347.
63
What is the remainder when 5029 is divided by 7?
3
What is the remainder when 70861 is divided by 20?
1
What is the remainder when 37068 is divided by 350?
318
What is the remainder when 6966 is divided by 339?
186
What is the remainder when 322 is divided by 104?
10
What is the remainder when 11404476 is divided by 2270?
2266
Calculate the remainder when 6724 is divided by 1591.
360
What is the remainder when 192581 is divided by 64187?
20
Calculate the remainder when 35517 is divided by 92.
5
What is the remainder when 33301 is divided by 1585?
16
What is the remainder when 9200 is divided by 185?
135
What is the remainder when 453 is divided by 226?
1
Calculate the remainder when 46522 is divided by 7753.
4
What is the remainder when 40472 is divided by 110?
102
Calculate the remainder when 18982 is divided by 101.
95
Calculate the remainder when 395261 is divided by 35932.
9
What is the remainder when 132537 is divided by 1154?
981
Calculate the remainder when 25530 is divided by 1595.
10
Calculate the remainder when 24648 is divided by 99.
96
Calculate the remainder when 2386 is divided by 180.
46
What is the remainder when 11352 is divided by 252?
12
What is the remainder when 104493 is divided by 116?
93
What is the remainder when 973 is divided by 172?
113
What is the remainder when 57813 is divided by 282?
3
Calculate the remainder when 748 is divided by 245.
13
What is the remainder when 6410 is divided by 1057?
68
Calculate the remainder when 25465 is divided by 122.
89
What is the remainder when 529 is divided by 290?
239
Calculate the remainder when 36487 is divided by 91.
87
What is the remainder when 359947 is divided by 29?
28
Calculate the remainder when 29862 is divided by 125.
112
Calculate the remainder when 1047275 is divided by 265.
260
Calculate the remainder when 1719 is divided by 48.
39
What is the remainder when 4533 is divided by 2148?
237
Calculate the remainder when 227 is divided by 81.
65
Calculate the remainder when 25205 is divided by 3589.
82
Calculate the remainder when 12641 is divided by 51.
44
What is the remainder when 5389 is divided by 87?
82
What is the remainder when 2341 is divided by 243?
154
What is the remainder when 2225 is divided by 316?
13
What is the remainder when 1870 is divided by 1841?
29
Calculate the remainder when 12035 is divided by 3986.
77
Calculate the remainder when 892942 is divided by 324.
322
Calculate the remainder when 97856 is divided by 159.
71
What is the remainder when 53200 is divided by 127?
114
Calculate the remainder when 23651 is divided by 741.
680
Calculate the remainder when 288499 is divided by 57692.
39
What is the remainder when 82651 is divided by 16528?
11
Calculate the remainder when 118158 is divided by 39383.
9
What is the remainder when 12342 is divided by 158?
18
Calculate the remainder when 233265 is divided by 42.
39
What is the remainder when 10473 is divided by 3483?
24
Calculate the remainder when 3352 is divided by 18.
4
What is the remainder when 37455 is divided by 7?
5
Calculate the remainder when 91853 is divided by 57.
26
Calculate the remainder when 18227 is divided by 4556.
3
What is the remainder when 84355 is divided by 9?
7
What is the remainder when 88549 is divided by 14?
13
What is the remainder when 83899 is divided by 69?
64
Calculate the remainder when 840 is divided by 85.
75
What is the remainder when 6004 is divided by 205?
59
What is the remainder when 25341 is divided by 366?
87
What is the remainder when 2615 is divided by 1213?
189
Calculate the remainder when 10204 is divided by 92.
84
What is the remainder when 55076 is divided by 68?
64
What is the remainder when 29398 is divided by 506?
50
What is the remainder when 20124 is divided by 152?
60
What is the remainder when 2047 is divided by 18?
13
Calculate the remainder when 33909 is divided by 244.
237
Calculate the remainder when 4565 is divided by 350.
15
Calculate the remainder when 11036 is divided by 3640.
116
What is the remainder when 1489 is divided by 492?
13
Calculate the remainder when 6490 is divided by 174.
52
Calculate the remainder when 1320 is divided by 34.
28
Calculate